True
Is 295531 a multiple of 19?
False
Is 322262 a multiple of 240?
False
Is 3375920 a multiple of 218?
False
Is 72 a factor of 2837?
False
Is 7 a factor of 164008?
False
Is 2704708 a multiple of 11?
False
Is 404 a factor of 4046464?
True
Is 14 a factor of 96587?
False
Is 152 a factor of 230776?
False
Is 67456 a multiple of 248?
True
Is 962709 a multiple of 33?
True
Is 63216 a multiple of 72?
True
Is 6108001 a multiple of 50?
False
Is 75 a factor of 1564050?
True
Is 514 a factor of 4968838?
True
Is 28 a factor of 171528?
True
Is 8 a factor of 36960?
True
Is 357452 a multiple of 62?
False
Is 447 a factor of 896235?
True
Is 27 a factor of 70245?
False
Does 93 divide 3577761?
False
Is 65112 a multiple of 153?
False
Is 798135 a multiple of 195?
True
Is 136823 a multiple of 23?
False
Does 126 divide 99050?
False
Is 107256 a multiple of 12?
True
Does 6 divide 105166?
False
Is 373 a factor of 15485961?
False
Is 33 a factor of 1670569?
False
Is 9 a factor of 3795188?
False
Does 21 divide 801631?
False
Is 22 a factor of 11395889?
False
Is 623 a factor of 1847818?
True
Is 244 a factor of 450404?
False
Is 8 a factor of 1646008?
True
Is 140 a factor of 6544739?
False
Is 1448016 a multiple of 48?
True
Does 38 divide 116489?
False
Is 135 a factor of 18178695?
True
Does 35 divide 12122?
False
Does 373 divide 7254104?
True
Is 59 a factor of 177000?
True
Is 338 a factor of 3543987?
False
Is 8 a factor of 99856?
True
Does 72 divide 48240?
True
Does 2 divide 125?
False
Is 155504 a multiple of 528?
False
Is 1211395 a multiple of 5?
True
Is 490304 a multiple of 47?
True
Is 8351166 a multiple of 650?
False
Is 76 a factor of 1474248?
True
Is 18 a factor of 32455?
False
Does 117 divide 439803?
True
Does 196 divide 2249744?
False
Is 17640 a multiple of 63?
True
Is 52 a factor of 196046?
False
Is 235 a factor of 251935?
False
Is 797445 a multiple of 33?
True
Is 106 a factor of 143398?
False
Is 94102 a multiple of 93?
False
Is 234 a factor of 171288?
True
Is 6986524 a multiple of 17?
True
Is 1948932 a multiple of 4?
True
Is 5962871 a multiple of 20?
False
Is 8 a factor of 29232?
True
Is 143475 a multiple of 13?
False
Does 22 divide 95744?
True
Is 654080 a multiple of 8?
True
Does 444 divide 13764?
True
Does 36 divide 92268?
True
Does 41 divide 703314?
True
Is 247473 a multiple of 9?
True
Is 397 a factor of 3397526?
True
Does 677 divide 1037849?
False
Is 2167120 a multiple of 263?
True
Is 68080 a multiple of 185?
True
Does 114 divide 359453?
False
Does 139 divide 662039?
False
Is 233250 a multiple of 250?
True
Is 108458 a multiple of 7?
True
Does 2 divide 1065687?
False
Does 1064 divide 13856301?
False
Does 9 divide 1317862?
False
Is 20252584 a multiple of 44?
True
Does 54 divide 73332?
True
Does 2 divide 689705?
False
Does 15 divide 470895?
True
Is 9 a factor of 1403010?
True
Is 9 a factor of 10749888?
True
Is 22274 a multiple of 74?
True
Is 79184 a multiple of 202?
True
Is 59664 a multiple of 339?
True
Does 15 divide 1013294?
False
Is 117554 a multiple of 1109?
True
Does 123 divide 5146695?
False
Is 18 a factor of 72816?
False
Is 22 a factor of 208660?
False
Is 29580 a multiple of 10?
True
Is 1118838 a multiple of 29?
False
Is 246 a factor of 48462?
True
Is 15 a factor of 1744496?
False
Is 223 a factor of 7165570?
False
Is 30013 a multiple of 9?
False
Does 49 divide 288148?
False
Is 1387539 a multiple of 151?
True
Is 9703370 a multiple of 29?
False
Is 2552698 a multiple of 178?
True
Does 18 divide 2759616?
True
Is 10464 a multiple of 3?
True
Does 11 divide 6002711?
True
Is 108629 a multiple of 115?
False
Does 9 divide 302760?
True
Is 35123 a multiple of 11?
True
Is 79 a factor of 243339?
False
Does 97 divide 46425?
False
Is 104 a factor of 99392?
False
Is 10255560 a multiple of 87?
True
Is 60 a factor of 1479900?
True
Is 11 a factor of 1215706?
False
Is 39 a factor of 68098?
False
Is 223993 a multiple of 17?
False
Does 853 divide 16128524?
True
Does 108 divide 1325252?
False
Is 5658694 a multiple of 167?
False
Does 13 divide 303342?
True
Does 47 divide 4655350?
True
Is 106108 a multiple of 82?
True
Does 1924 divide 12105817?
False
Is 231 a factor of 76923?
True
Is 1845353 a multiple of 26?
False
Is 20 a factor of 3912800?
True
Does 633 divide 17122595?
False
Is 53861 a multiple of 30?
False
Is 12 a factor of 83093?
False
Is 173 a factor of 917431?
False
Is 20 a factor of 381686?
False
Is 34 a factor of 671301?
False
Does 87 divide 164517?
True
Is 3007437 a multiple of 347?
False
Is 171 a factor of 1995734?
False
Does 270 divide 4996235?
False
Is 980474 a multiple of 763?
False
Is 61371 a multiple of 295?
False
Is 18542267 a multiple of 755?
False
Is 16140214 a multiple of 396?
False
Is 6 a factor of 744822?
True
Does 8 divide 31800?
True
Is 34 a factor of 362576?
True
Is 164 a factor of 2176444?
True
Is 74 a factor of 349219?
False
Is 213 a factor of 739749?
True
Does 3 divide 31735?
False
Does 72 divide 2912256?
True
Is 94252 a multiple of 24?
False
Is 833507 a multiple of 808?
False
Does 14 divide 19625488?
False
Is 1406596 a multiple of 235?
False
Does 11 divide 165659?
False
Is 15 a factor of 105780?
True
Is 3312187 a multiple of 12?
False
Does 110 divide 1921533?
False
Is 26 a factor of 272168?
True
Does 37 divide 84767?
True
Is 1002464 a multiple of 32?
True
Is 57467 a multiple of 16?
False
Is 5006408 a multiple of 44?
True
Does 234 divide 16337600?
False
Is 2144 a multiple of 134?
True
Is 14 a factor of 74144?
True
Is 601846 a multiple of 279?
False
Is 71127 a multiple of 79?
False
Is 168 a factor of 33608?
False
Is 18 a factor of 761112?
True
Is 97 a factor of 5333724?
False
Does 21 divide 738501?
False
Is 9 a factor of 90297?
True
Is 284760 a multiple of 113?
True
Does 14 divide 803488?
True
Does 28 divide 442983?
False
Is 7 a factor of 88949?
True
Does 18 divide 2293380?
True
Does 28 divide 310382?
False
Does 27 divide 3726?
True
Does 1520 divide 2328460?
False
Is 15 a factor of 710415?
True
Is 31 a factor of 273513?
True
Does 17 divide 75393?
False
Is 581238 a multiple of 294?
True
Is 831530 a multiple of 7?
True
Does 1882 divide 17291982?
False
Is 583751 a multiple of 24?
False
Does 28 divide 702404?
False
Does 147 divide 1574517?
True
Is 5983126 a multiple of 239?
True
Is 13 a factor of 585533?
True
Does 102 divide 47863?
False
Does 20 divide 13900?
True
Is 132 a factor of 39902?
False
Does 71 divide 7739?
True
Is 1535804 a multiple of 2?
True
Does 9 divide 436065?
False
Is 639135 a multiple of 15?
True
Does 113 divide 2389385?
True
Is 380 a factor of 4362129?
False
Does 34 divide 289097?
False
Does 172 divide 80840?
True
Does 33 divide 273438?
True
Is 7494460 a multiple of 141?
False
Does 34 divide 175515?
False
Does 729 divide 5425218?
True
Is 148388 a multiple of 4?
True
Is 19 a factor of 680888?
False
Does 474 divide 218988?
True
Does 11 divide 584901?
False
Is 8535 a multiple of 10?
False
Is 11313550 a multiple of 50?
True
Is 130 a factor of 299780?
True
Is 1511011 a multiple of 55?
False
Is 1014495 a multiple of 5?
True
Does 24 divide 1243607?
False
Is 16 a factor of 295129?
False
Does 110 divide 249400?
False
Does 336 divide 10392144?
True
Does 68 divide 5014388?
True
Does 188 divide 21447980?
True
Is 98 a factor of 787920?
True
Does 396 divide 301181?
False
Is 522452 a multiple of 47?
True
Is 192 a factor of 964719?
False
Does 17 divide 337892?
True
Does 36 divide 1151064?
True
Is 48891 even?
False
Does 224 divide 4785312?
True
Is 72 a factor of 2006784?
True
Is 1164204 a multiple of 4?
True
Is 1683254 a multiple of 28?
False
Is 1042045 a multiple of 242?
False
Is 579104 a multiple of 107?
False
Does 384 divide 181624?
False
Is 3178320 a multiple of 969?
True
Does 9 divide 525114?
True
Is 27 a factor of 1860171?
False
Is 272006 a multiple of 53?
False
Is 297361 a multiple of 45?
False
Does 16 divide 460?
False
Is 647 a factor of 1226712?
True
Does 33 divide 1748695?
False
Does 22 divide 3033514?
True
Is 9 a factor of 211252?
False
Is 51 a factor of 227886?
False
Is 109592 a multiple of 721?
True
Is 10 a factor of 4598170?
True
Does 6 divide 13075?
False
Does 8 divide 1189885?
False
Is 3419190 a multiple of 15?
True
Is 22506268 a multiple of 29?
False
Does 83 divide 783254?
False
Is 177 a factor of 227091?
True
Is 434572 a multiple of 292?
Fals